255?
271
Calculate the remainder when 127146948 is divided by 70.
68
What is the remainder when 460656377 is divided by 8307?
8306
Calculate the remainder when 515302 is divided by 4366.
114
What is the remainder when 149650 is divided by 145741?
3909
What is the remainder when 47299 is divided by 4392?
3379
What is the remainder when 226259 is divided by 258?
251
Calculate the remainder when 358970 is divided by 2850.
2720
Calculate the remainder when 13445202 is divided by 33198.
12
Calculate the remainder when 60922 is divided by 1768.
810
Calculate the remainder when 47386482 is divided by 719.
68
Calculate the remainder when 59963438 is divided by 763.
31
What is the remainder when 15823823 is divided by 89400?
23
What is the remainder when 1257374 is divided by 763?
713
Calculate the remainder when 368365 is divided by 30697.
1
What is the remainder when 59295 is divided by 460?
415
What is the remainder when 159670477 is divided by 11?
10
Calculate the remainder when 91669 is divided by 74.
57
What is the remainder when 1032074 is divided by 27?
26
Calculate the remainder when 5171349 is divided by 4593.
4224
Calculate the remainder when 35856495 is divided by 209.
37
What is the remainder when 17168991 is divided by 75?
66
What is the remainder when 265790 is divided by 1510?
30
What is the remainder when 146670 is divided by 146392?
278
Calculate the remainder when 60581 is divided by 166.
157
What is the remainder when 16161303 is divided by 521332?
11
Calculate the remainder when 1819203 is divided by 82690.
23
Calculate the remainder when 118886111 is divided by 72.
71
Calculate the remainder when 38602783 is divided by 46.
43
Calculate the remainder when 42032046 is divided by 83.
16
What is the remainder when 257684094 is divided by 11?
8
What is the remainder when 1801285 is divided by 450224?
389
Calculate the remainder when 8377743 is divided by 155142.
75
Calculate the remainder when 1792258 is divided by 119482.
28
What is the remainder when 3290712 is divided by 1066?
1036
What is the remainder when 169533969 is divided by 36?
33
Calculate the remainder when 78721 is divided by 43.
31
Calculate the remainder when 9097162 is divided by 3032379.
25
What is the remainder when 113992 is divided by 1347?
844
What is the remainder when 439470634 is divided by 1353?
1351
What is the remainder when 2503684 is divided by 4058?
3956
Calculate the remainder when 1902995 is divided by 475748.
3
What is the remainder when 67418883 is divided by 9312?
3
Calculate the remainder when 2780330 is divided by 3989.
3986
Calculate the remainder when 12393880 is divided by 1689.
1687
Calculate the remainder when 2040243 is divided by 45.
33
What is the remainder when 2172330 is divided by 114333?
3
Calculate the remainder when 23361890 is divided by 943.
8
What is the remainder when 114542 is divided by 7596?
602
Calculate the remainder when 813811 is divided by 3716.
7
Calculate the remainder when 1023215 is divided by 3779.
2885
What is the remainder when 1773995 is divided by 1089?
14
What is the remainder when 19276484 is divided by 231?
227
What is the remainder when 48041 is divided by 15831?
548
Calculate the remainder when 199497 is divided by 99705.
87
What is the remainder when 1223829 is divided by 1386?
1377
What is the remainder when 62160 is divided by 19847?
2619
What is the remainder when 630711476 is divided by 1238?
1234
What is the remainder when 2440861 is divided by 1688?
13
What is the remainder when 55624130 is divided by 1685579?
23
What is the remainder when 1706369 is divided by 60?
29
Calculate the remainder when 42967775 is divided by 12.
11
What is the remainder when 9472 is divided by 435?
337
What is the remainder when 104069 is divided by 5304?
3293
What is the remainder when 9031993 is divided by 8226?
8071
What is the remainder when 52685 is divided by 1953?
1907
Calculate the remainder when 94127739 is divided by 20.
19
Calculate the remainder when 3355712 is divided by 372845.
107
Calculate the remainder when 12868939 is divided by 10583.
11
Calculate the remainder when 2037752 is divided by 78.
2
Calculate the remainder when 92483 is divided by 1101.
1100
Calculate the remainder when 1043 is divided by 1017.
26
What is the remainder when 25165716 is divided by 2287791?
15
What is the remainder when 94182 is divided by 47068?
46
Calculate the remainder when 6519537 is divided by 63295.
152
What is the remainder when 113874163 is divided by 91760?
3
What is the remainder when 121244542 is divided by 5576?
5574
Calculate the remainder when 1492289 is divided by 37307.
9
What is the remainder when 830535 is divided by 5574?
9
Calculate the remainder when 748126 is divided by 24934.
106
What is the remainder when 4100937 is divided by 585751?
680
Calculate the remainder when 211169 is divided by 2177.
0
Calculate the remainder when 185607 is divided by 552.
135
Calculate the remainder when 4609239 is divided by 5481.
5199
Calculate the remainder when 619598 is divided by 1530.
1478
What is the remainder when 1309470 is divided by 34459?
28
Calculate the remainder when 62744 is divided by 885.
794
What is the remainder when 4342074 is divided by 240?
234
What is the remainder when 724539 is divided by 2250?
39
Calculate the remainder when 307793 is divided by 312.
161
Calculate the remainder when 23537714 is divided by 278.
10
Calculate the remainder when 7574889 is divided by 26.
23
Calculate the remainder when 14753086 is divided by 963.
889
Calculate the remainder when 102127 is divided by 8509.
19
What is the remainder when 96094 is divided by 23978?
182
What is the remainder when 1636705 is divided by 1151?
1134
What is the remainder when 812653 is divided by 10482?
5539
What is the remainder when 418266 is divided by 3131?
1843
What is the remainder when 1283220 is divided by 64?
20
What is the remainder when 10864 is divided by 2980?
1924
What is the remainder when 178463 is divided by 243?
101
What is the remainder when 401017143 is divided by 123?
120
What is the remainder when 83662115 is divided by 54?
23
Calculate the remainder when 1606251 is divided by 535346.
213
Calculate the remainder when 249616 is divided by 13447.
7570
Calculate the remainder when 16553625 is divided by 468.
465
Calculate the remainder when 209826 is divided by 206254.
3572
What is the remainder when 3996908 is divided by 444047?
485
Calculate the remainder when 11546859 is divided by 20.
19
What is the remainder when 27950 is divided by 27918?
32
Calculate the remainder when 113312 is divided by 112873.
439
What is the remainder when 16168089 is divided by 560?
329
Calculate the remainder when 117629650 is divided by 4524216.
34
Calculate the remainder when 141120 is divided by 4870.
4760
What is the remainder when 1816911 is divided by 2197?
2189
What is the remainder when 19903 is divided by 15?
13
What is the remainder when 26901 is divided by 26852?
49
What is the remainder when 215649 is divided by 30804?
21
Calculate the remainder when 8742899 is divided by 460152.
11
What is the remainder when 6157457 is divided by 1523?
1491
Calculate the remainder when 29214 is divided by 19091.
10123
Calculate the remainder when 128167 is divided by 8010.
7
Calculate the remainder when 50483 is divided by 3590.
223
What is the remainder when 12980143 is divided by 480746?
1
Calculate the remainder when 16389531 is divided by 17.
1
Calculate the remainder when 12063002 is divided by 167.
91
What is the remainder when 104052 is divided by 10401?
42
Calculate the remainder when 2262759 is divided by 119092.
11
Calculate the remainder when 10464 is divided by 5881.
4583
Calculate the remainder when 95620 is divided by 94333.
1287
Calculate the remainder when 66173 is divided by 1455.
698
Calculate the remainder when 9085623 is divided by 237.
228
Calculate the remainder when 2103717 is divided by 236.
13
Calculate the remainder when 2931949 is divided by 209424.
13
Calculate the remainder when 572016 is divided by 2289.
2055
What is the remainder when 4489209 is divided by 74?
73
What is the remainder when 102733 is divided by 6031?
206
Calculate the remainder when 61203 is divided by 100.
3
Calculate the remainder when 15253985 is d